*y - 4*f - o - 136. What is the tens digit of y?
3
Let w(y) = y**3 - 33*y**2 + 60*y - 43. What is the hundreds digit of w(32)?
8
Let l = -297 + 204. Let p be l/(-2)*968/66. Let v = p + -395. What is the units digit of v?
7
Suppose -13*f + 263479 = 22*f - 104441. What is the ten thousands digit of f?
1
Suppose 5*f - 153 = 4*w, 3*f + 6*w - 5*w = 102. Suppose -3*m + f = 18. Let b(t) = 3*t**2 - 11*t - 7. What is the units digit of b(m)?
3
Let f(w) = 3*w**2 + 7*w + 94. Let u be f(13). Suppose -2*k = -u + 140. What is the units digit of k?
6
What is the thousands digit of (-62)/(-155) - 13926/(-10)?
1
Let g(x) = -5*x - x + 8*x**2 + 7*x**3 - 6*x**2 + 6 + 3. What is the units digit of g(3)?
8
Let z(a) = -2096*a - 658. What is the ten thousands digit of z(-9)?
1
Let u(l) = 3*l**2 + 16*l - 17. Let h be u(-7). What is the units digit of 2/(-3) + (-8 - (-14142)/h)?
7
Let v(s) = -s**2 - 18*s - 27. Let x be v(-16). Suppose 0 = x*j - 827 - 1518. What is the tens digit of j?
6
Let p(v) = 2 + 4*v + 0*v + 15. Let u be 123/(-41)*4/(-2). What is the tens digit of p(u)?
4
Suppose 1105416 = 11*q + 106*q. What is the thousands digit of q?
9
Let g = -15124 + 20710. What is the thousands digit of g?
5
Let j = 21906 + 44887. What is the thousands digit of j?
6
Let u(y) = 10*y**2 + 30*y + 30. Let q(t) = t**2 + t + 1. Let j(r) = 30*q(r) - u(r). Let l be j(1). Let x(o) = 4*o + 36. What is the units digit of x(l)?
6
Let k(c) = -333*c + 163. What is the tens digit of k(-17)?
2
Let m(g) = 33*g - 7. Let x be m(5). Let i be (-2)/(-11) + x/(-22). What is the tens digit of 1042/8 + i/28?
3
Suppose 0 = a + 164 + 300. Let l = -312 - a. Suppose -m + l = m. What is the units digit of m?
6
Suppose 0*f = f - 4*a + 16270, 2*f + 4*a + 32588 = 0. What is the hundreds digit of f/(-51) + (-4)/(-6)?
3
Let s = 25 - 23. Suppose -123 = -s*t + 15. Let u = 93 - t. What is the tens digit of u?
2
Let r(d) = -4 + 3*d**3 + 12*d**2 - 4*d + 8 - 13 - 3*d**2. Let i(m) = -m**3 - m**2. Let v(w) = 2*i(w) + r(w). What is the units digit of v(-6)?
1
Let j(a) = -4*a - 14 - 20*a + 6*a. Let i = -10 + 4. What is the units digit of j(i)?
4
Suppose -16 = 4*m, 0 = -y - 5*m + 3*m - 1751. Suppose -26*s + 8 = -22*s. What is the tens digit of y/(-33) + s/11?
5
Suppose -3*a + s + 341 - 13 = 0, -a - 4*s + 105 = 0. Let d be 3 - (-30)/20*96/(-9). Let g = a - d. What is the hundreds digit of g?
1
Let f = 256505 + -178287. What is the units digit of f?
8
Suppose -8*j - 16 + 16 = 0. Suppose j = -5*n + 2296 - 51. What is the tens digit of n?
4
Suppose -14*z = -11*z - 33240. Suppose -6*k + z = 14*k. What is the tens digit of k?
5
Let g(o) = -5916*o - 1975. What is the hundreds digit of g(-10)?
1
Let q(z) = 11*z - 54. Let d be (0/(-3) + 1)*1. Let l(g) = g. Let x(j) = d*q(j) - 3*l(j). What is the tens digit of x(13)?
5
Suppose 0 = 2*s - w - 21453, 5*w = 4*s - 8611 - 34310. What is the ten thousands digit of s?
1
Suppose 2*h + 2*m - 8 = 0, -3*h + 2*h - 3*m = -6. Let r be 1/h - (-170)/(-6). Let x = -10 - r. What is the tens digit of x?
1
Let f be -205 + (2 + 3)*(-3)/(-15). Let j = -98 - f. What is the hundreds digit of j?
1
Let a(u) = u**2 + 3*u - 13. Let t = -114 - -117. Let b be ((-7)/2 + t)*(-30)/(-1). What is the units digit of a(b)?
7
Let j be (-100)/(-2)*(22/(-10) - 1). Let o = 33 - j. What is the units digit of o?
3
Let g be 5 - 4 - 263*(-11 - 3). Suppose -5*f - 3*i = -g, 3*i + 452 = 3*f - 1753. What is the units digit of f?
6
Suppose 2*i + 5*r = 8 - 27, -5*r = -5. What is the tens digit of (5145/i - 1 - -1)*-4?
1
Let v(b) = -b**3 + b**2 + 15*b - 5. Let j be v(4). Let u(a) = -a**3 + 7*a**2 + 2*a - 12. Let z be u(j). What is the tens digit of 44 + (-4 + 2)*z?
4
Suppose 57147 = 5*f - h, -94*f + 95*f - 4*h = 11437. What is the hundreds digit of f?
4
Let o(p) be the third derivative of -p**6/120 + p**5/10 + 3*p**4/8 + p**3/2 + 15*p**2. Let b be o(7). Suppose 11*x = b*x - 948. What is the units digit of x?
8
Let w(d) = 1813*d + 2. Let l be w(1). Suppose 5*o = 3*u + u + 1775, -5*o + l = 4*u. What is the units digit of o?
9
Let m(j) = -3585*j + 53. What is the thousands digit of m(-6)?
1
Suppose -4*m - 47 = -i, 0 = -3*m - 15. Suppose 4862 = -16*k + i*k. What is the tens digit of k?
4
Let o(c) = 5*c**2 + 2*c - 26. Let u be o(-4). Let y be 1/(-3)*(0 - 123). Suppose -u*h + 625 = -y*h. What is the hundreds digit of h?
1
Let p be 6 + 204/24 + (-2)/(-4). Suppose p*t = 15297 - 267. What is the tens digit of t?
0
Let q(p) = 136*p - 163. Let y be q(4). Let t = y + 1410. What is the hundreds digit of t?
7
Let n = -1 + 45. Let k = 49 - n. Suppose k*m - 282 = -4*l, 3*l + 2*m - 141 = 67. What is the tens digit of l?
6
Suppose 13903 + 5432 = -15*c. Let d = 1833 + c. What is the hundreds digit of d?
5
Let k(q) be the first derivative of q**4/4 + q**3 + q**2 + 3*q - 23. Let x be k(-2). Suppose x*d - 150 = 5*t - t, t = 3. What is the tens digit of d?
5
Suppose 1708535 = -426*n + 2894628 + 3697145. What is the hundreds digit of n?
4
Let h(v) = 3*v**2 - 2*v - 1. Let u(g) = g - 8. Let f be u(7). Let c be h(f). What is the hundreds digit of (468/16)/(c/16)?
1
Suppose -4*u + 9776 = -2*h, 2*u - 5*h - 7610 + 2722 = 0. What is the thousands digit of u?
2
Suppose -l = -4*l + 15. Suppose 7*g - 2*j + 22 = 3*g, 4*j + 60 = -l*g. What is the tens digit of 1/g + 210/16?
1
What is the tens digit of ((-12945)/(-12))/((-80)/(-320))?
1
Let z be (4 - 7) + -10*(-219)/6. Let o = 726 - z. What is the units digit of o?
4
Let t = 62 - 60. Suppose -3*s - 2*v + 1026 = 0, 5*s - t*v = 840 + 854. Suppose -6*h - 2*m = -2*h - s, -2*m = 0. What is the tens digit of h?
8
Suppose -12467 - 123081 = -10*w + 16592. What is the thousands digit of w?
5
Let k = -469 - -473. Suppose -4*o + 4*s = -4016, -k*s + 6250 = 5*o + 1230. What is the thousands digit of o?
1
What is the hundreds digit of ((-7)/(-5))/(293980/(-14700) + 20)?
0
Let t(y) = y**2 - y + 20. Let b(z) = 2*z**2 + 6*z - 17. Let x be b(-6). Let c = -12 + x. What is the tens digit of t(c)?
6
Let u = -27 - -32. Suppose 0 = -n + a + 104, -n + 98 = -u*a - 6. Suppose -2*m - n = -6*m. What is the tens digit of m?
2
Let w = 307 + -302. Suppose w*p - 4831 = -421. What is the hundreds digit of p?
8
Let s = 149 - 88. Suppose 3 + 1 = b - h, -4*b - 5*h + 25 = 0. Suppose -b*n = w - 170, 3*n - s = w - 239. What is the hundreds digit of w?
1
Let b(r) = r + 18. Let v be b(0). Let i = v + -16. Suppose -9 = -j - i*j. What is the units digit of j?
3
Let a(l) = 405*l**2 - 9*l - 135. What is the thousands digit of a(-6)?
4
Suppose 0 = -468*n + 437*n + 319021. What is the units digit of n?
1
Let i = 63088 + -20939. What is the thousands digit of i?
2
Let g = -4705 - -12605. What is the thousands digit of g?
7
Suppose -13 = -n - 10. Suppose -3*l = 5*a - a - 4, -n*a + 3 = -l. Suppose 2*v = 2*c + 32, l = -v - 4*v - 5*c + 60. What is the tens digit of v?
1
Suppose 54788 = -76*r + 80*r. What is the thousands digit of 8/(-44) + r/11?
1
Suppose -60*o = -783900 - 1645920. What is the thousands digit of o?
0
Let h(c) = c**3 + c**2 + c + 1. Let w(g) = 3*g**3 - 7*g - 1. Let q(j) = -2*h(j) + w(j). What is the tens digit of q(5)?
2
Let s(n) = -n**2 + 16*n - 61. Let r be s(11). Let u(j) = 6*j**2 - 6*j + 21. What is the tens digit of u(r)?
7
Let p be (-3)/(17/(-6) - (7 - 10)). Let b = -14 - -11. What is the units digit of b*(1 - (-15)/p)*-36?
8
Let l be 2 - ((-11)/(-9) + (-4)/18). Suppose -w + 1 = -l. Suppose -2 = w*n - 8, 5*n = j - 21. What is the tens digit of j?
3
Let x(r) = 15*r**2 - 45*r - 2. Let l be 3/(-9 - -6)*(-1 - 6). What is the units digit of x(l)?
8
Let q be -27*2/4*(-544)/12. Suppose -2*c = -q - 144. What is the units digit of c?
8
Let c(h) = -h**2 - 5*h + 11. Let k be c(-6). Suppose -k*q = g + 640 - 1990, 294 = q + 5*g. What is the units digit of q?
9
Let o(z) = -75*z**3 + 3*z**2 + 3*z - 24. What is the tens digit of o(-4)?
1
Let g = 14055 - 5481. What is the thousands digit of g?
8
What is the tens digit of (-8 - (-1029)/126) + 225611/6?
0
Let a(n) = 6*n + 12. Let u be a(-2). Suppose x - 3*f - 1 - 6 = 0, 5*f + 5 = u. What is the units digit of x?
4
Suppose 0 = 17*j - 34*j - 1564. What is the tens digit of 23/j + (2 - 794/(-8))?
0
Suppose -485 = b + 2*c, 0 = 2*c - c - 2. Let i = b - -930. What is the tens digit of i?
4
Let c(h) = -h - 70*h**3 + 4